In base 2, what is 101001101110111111 - -111000100?
101001110110000011
In base 15, what is 1c0290 - 20?
1c0270
In base 9, what is 48836412 - -6?
48836418
In base 7, what is 2020 - -2004034?
2006054
In base 4, what is 1030133001 + 30222?
1030223223
In base 13, what is 26ab71 - 4?
26ab6a
In base 3, what is 122101001 - -211000?
200012001
In base 15, what is -54cb0 - 4b9?
-55279
In base 16, what is -2 - 2d75a3?
-2d75a5
In base 3, what is -220110101 + -210?
-220111011
In base 13, what is -13 - 6b81208?
-6b8121b
In base 3, what is -222 - -11011000011?
11010222012
In base 9, what is -5 - 112207383?
-112207388
In base 8, what is 36104 - -102?
36206
In base 9, what is -42 + 45012073?
45012031
In base 16, what is -37ff - -4d?
-37b2
In base 14, what is -119a373 - -3?
-119a370
In base 11, what is -9 + -11a2a?
-11a38
In base 9, what is 3 - -11838376?
11838380
In base 14, what is -4 + -3c57dd1?
-3c57dd5
In base 5, what is 2011 + -3422342?
-3420331
In base 13, what is aaa92aa - 9?
aaa92a1
In base 11, what is 224 + -9948?
-9724
In base 12, what is -a - -3283512?
3283504
In base 4, what is 3 - -22220223300?
22220223303
In base 16, what is -6d9f3 - -b?
-6d9e8
In base 11, what is -5 + 44132829?
44132824
In base 11, what is -1 - -a312250?
a31224a
In base 13, what is -3 + -431ba7?
-431baa
In base 10, what is -48577593 + -6?
-48577599
In base 15, what is 3776 - 2398?
13cd
In base 3, what is -12122220110 + -111012?
-12200101122
In base 12, what is 173236 - -19b?
173415
In base 5, what is 22234 - 40202044?
-40124310
In base 6, what is -100025 - 1050534?
-1151003
In base 14, what is 1d + 6727?
6746
In base 13, what is -5 - -864c?
8647
In base 11, what is -2a3 - 96a66?
-97259
In base 11, what is 602158 - -5?
602162
In base 3, what is 10112121011220101 + 0?
10112121011220101
In base 11, what is 1279 + 2209?
3487
In base 15, what is 5 - -12b5545?
12b554a
In base 7, what is 2265561162 + 1?
2265561163
In base 8, what is -24 + -237524?
-237550
In base 9, what is -4 - -32123211?
32123206
In base 14, what is -147991d8 + -3?
-147991db
In base 14, what is 3 - 159d39b?
-159d398
In base 4, what is 22 + -223230211?
-223230123
In base 13, what is -632422 + 50?
-6323a2
In base 5, what is 2023 + 1333344?
1340422
In base 16, what is 78e34 - 1?
78e33
In base 8, what is 6002173 + 2?
6002175
In base 8, what is -2024464 + 2?
-2024462
In base 13, what is -8c71bc + -3?
-8c71c2
In base 5, what is 401 - -1241310?
1242211
In base 14, what is -5 - 2b7078?
-2b707d
In base 9, what is 1535 + 70?
1615
In base 12, what is 823800 - 1a?
8237a2
In base 2, what is -100000 - 101000001010110101?
-101000001011010101
In base 16, what is b52ba - 4?
b52b6
In base 14, what is 50762308 + 0?
50762308
In base 11, what is -1 + -7170202?
-7170203
In base 3, what is -1010020112101100 - 0?
-1010020112101100
In base 14, what is 50dc - 3292?
1c4a
In base 10, what is 2635166 - 16?
2635150
In base 16, what is 2a - 64510d?
-6450e3
In base 13, what is 1 - 18698cc?
-18698cb
In base 2, what is -11000110011001110 - 100100010010?
-11001010111100000
In base 14, what is -39c6685 + 3?
-39c6682
In base 15, what is eab1 - -14b?
ec0c
In base 14, what is -13c7c4 - -3?
-13c7c1
In base 13, what is -95737797 - -1?
-95737796
In base 15, what is -140206b - -15?
-1402056
In base 15, what is 16a8 - 2521?
-d68
In base 9, what is 3 - 104086206?
-104086203
In base 8, what is 14134006 + -5?
14134001
In base 13, what is -41 - -19c228?
19c1b7
In base 15, what is b2c705 + 5?
b2c70a
In base 10, what is -262418 + 140?
-262278
In base 13, what is -4 - 3aa40?
-3aa44
In base 9, what is -450 - 38414?
-38864
In base 7, what is 4 - -223425100?
223425104
In base 5, what is 41423232330 - -3?
41423232333
In base 9, what is -5 - 286505271?
-286505276
In base 16, what is 5b37b5 - -30?
5b37e5
In base 2, what is -10111011001111 + -1110100010010?
-100101111100001
In base 9, what is -8235 - -1831?
-6304
In base 8, what is 122333415 - 2?
122333413
In base 3, what is -21212 + 1211221112?
1211122200
In base 4, what is 1033231103 - -112011?
1100003120
In base 7, what is 2504646 + 242?
2505221
In base 14, what is 1721 + a81c?
c13d
In base 9, what is -136625 - 40?
-136665
In base 3, what is -121202021101 + 121?
-121202020210
In base 2, what is 101111 + 100111001011011101011000?
100111001011011110000111
In base 4, what is 1333223330 - -1?
1333223331
In base 7, what is -12046301015 + -4?
-12046301022
In base 12, what is 25331a - 3b?
25329b
In base 3, what is 211201202010 + -20?
211201201220
In base 11, what is -1881 - 3012?
-4893
In base 7, what is -22461 + -5102?
-30563
In base 11, what is -340539 + 9?
-340530
In base 15, what is b + -17815a9?
-178159d
In base 10, what is 3 + -134548?
-134545
In base 16, what is -2 + -5494ef?
-5494f1
In base 13, what is 5 - 1ac46ba?
-1ac46b5
In base 6, what is 5115222 - -132?
5115354
In base 10, what is 773365 - 84?
773281
In base 10, what is -549 - 1419?
-1968
In base 3, what is 21021122121 + -10111111?
21011011010
In base 4, what is 311131113 + -3323?
311121130
In base 2, what is 110111111110 - -101011001?
111101010111
In base 11, what is -2 + 8953630?
8953629
In base 2, what is 1001011101111011110100 + -101000?
1001011101111011001100
In base 15, what is -bd60 + 1b0c?
-a253
In base 4, what is 33202213311 + -12?
33202213233
In base 7, what is 106 - -1101440?
1101546
In base 8, what is 24 - 5234170?
-5234144
In base 15, what is -d3691 + 2?
-d368e
In base 10, what is -22289498 + -2?
-22289500
In base 3, what is -20111222222 + 110102?
-20111112120
In base 2, what is 101011 - 10010110111111111101?
-10010110111111010010
In base 12, what is 1 + 1477a?
1477b
In base 7, what is 10433404 - 126?
10433245
In base 14, what is -17ccc2b - -d?
-17ccc1c
In base 3, what is -210111112202022 - -101?
-210111112201221
In base 11, what is 509 - 8567?
-8059
In base 7, what is 466 + -51610?
-51111
In base 8, what is -50272 - 23?
-50315
In base 13, what is -18c85ca + -2?
-18c85cc
In base 6, what is -230243401531 - -1?
-230243401530
In base 16, what is 13f55 + 1c77?
15bcc
In base 8, what is 7 + 5765422?
5765431
In base 4, what is 10011231320021 + 11?
10011231320032
In base 8, what is -2503710 + -437?
-2504347
In base 4, what is 3232310 - 111331?
3120313
In base 16, what is -6c2d8 + -336?
-6c60e
In base 11, what is -1094533a - -2?
-10945338
In base 4, what is 10112131 - -222?
10113013
In base 4, what is -2010 + 113201213231?
113201211221
In base 5, what is 33400 + -3312020?
-3223120
In base 10, what is 4308 - 21002?
-16694
In base 11, what is 1517636 - -2?
1517638
In base 10, what is 25190 - 19?
25171
In base 6, what is -43 + 3041351?
3041304
In base 6, what is -13020 - 11422?
-24442
In base 15, what is d95da + 3?
d95dd
In base 11, what is -802 + 69456?
68754
In base 8, what is -67320360 - 4?
-67320364
In base 11, what is -23365 - 1a5?
-2355a
In base 12, what is 696a3 + 39?
69720
In base 8, what is -7311466 - -30?
-7311436
In base 14, what is -5 - 17933a?
-179341
In base 8, what is 113774046 - -3?
113774051
In base 16, what is -f7 + 58?
-9f
In base 5, what is 24221211420 - 10?
24221211410
In base 12, what is -596 - -2876?
22a0
In base 10, what is 1957129 + 21?
1957150
In base 9, what is -35 + -36821576?
-36821622
In base 11, what is -132 + 37486a?
374738
In base 2, what is -10111001001000 + 10110111?
-10110110010001
In base 2, what is 100 + 100110110111000000011000?
100110110111000000011100
In base 11, what is -799a28983 + 4?
-799a2897a
In base 15, what is -6 + 96c5b2?
96c5ab
In base 3, what is 21011001122 - 2012?
21010222110
In base 9, what is 6706607 + 1?
6706608
In base 16, what is 5 + 3c64a?
3c64f
In base 9, what is -2506105 + 0?
-2506105
In base 5, what is -1012 + 1224241?
1223224
In base 14, what is -19 + -cc8bb?
-cc8d6
In base 15, what is -343349d0 + 4?
-343349cb
In base 2, what is 100 - 10101000110110001010101100?
-10101000110110001010101000
In base 4, what is -22 - 100302110?
-100302132
In base 13, what is -1691c87 - -3?
-1691c84
In base 11, what is -11 + aa1975?
aa1964
In base 13, what is 55a0 + 77b?
604b
In base 11, what is 61 + 3375166?
3375217
In base 6, what is 130011411 - -111?
130011522
In base 9, what is -70740210 + 3?
-70740206
In base 2, what is 1011100100001100011111001110 - -100?
1011100100001100011111010010
In base 10, what is -8303604 